= 3*x + c + 5. Calculate the remainder when 14 is divided by x.
4
Let w = -7 - -8. Let u = -2 + w. Calculate the remainder when 18 is divided by (u - 51/(-21))*7.
8
Suppose -4*k = -430 - 58. Suppose 3*a + 71 = 3*j - 100, -2*j = -4*a - k. Calculate the remainder when j is divided by 18.
17
Suppose 18*o - 3*o - 105 = 0. Let x(u) = -u + 1. Let i(m) = m**3 + 6*m**2 - 8*m - 9. Let q be i(-7). What is the remainder when o is divided by x(q)?
1
Let j(z) = z**3 + 9*z**2 + 7*z - 8. Let i be j(-8). Suppose 0*q + 22 = 2*h + 2*q, -3*h + 5*q + 65 = i. Calculate the remainder when 57 is divided by h.
12
Suppose -a - 2*a + 39 = 0. Let f(w) = w**2 - 3*w + 10. What is the remainder when f(7) is divided by a?
12
Suppose -4*z = z - 425. Suppose 2*u + z = 7*u. Calculate the remainder when u is divided by 10.
7
Let z = 75 + -58. Calculate the remainder when z is divided by 4.
1
Suppose 0*f - 3*f = 0. Suppose f*v + 30 = -3*v. Calculate the remainder when 2 is divided by (-5)/20 - v/8.
0
Suppose -2*m - 26 = -4*q, -2*q - m + 15 = -8. What is the remainder when -7 + 4 + 7*q is divided by 31?
29
Let o(r) = r + 3. Let i be o(-3). Suppose i*l = -2*l + 68. Calculate the remainder when l is divided by 12.
10
Suppose 0 = 4*g - 11 - 9. Suppose -28 = f - g*f + 4*d, 27 = f + 3*d. Suppose s + 2*i = f, -3*s - 4 + 45 = i. What is the remainder when 27 is divided by s?
13
Calculate the remainder when 30/1 + ((-2)/(-1) - 1) is divided by 18.
13
Suppose -148 = -7*f - 50. Calculate the remainder when 66 is divided by f.
10
Suppose -2*v = 3*k - 27, -5 = -0*k - k. Let q = v - 2. Suppose q*u - 3 = -y, 0*y = 5*y + 3*u - 32. Calculate the remainder when 12 is divided by y.
5
Suppose 3*m - 7*m - 3*y + 83 = 0, -m + 32 = 3*y. Calculate the remainder when 38 is divided by m.
4
Suppose l = -y + 18, 0 = -2*l + 5*y - 2*y + 51. What is the remainder when l is divided by 8?
5
Suppose -5*u - 5 = -3*t - 2*t, u = 3*t - 11. Suppose 0 = l - u*l + 60. Calculate the remainder when l is divided by 19/3 - (-2)/3.
6
Let x(p) = 2*p - 4. Let o be x(4). What is the remainder when 6 is divided by o/10*(12 + -2)?
2
Let h(j) = -j**2 + 14*j - 8. Let y be h(10). Let s = -18 + y. What is the remainder when (6/4)/(3/52) is divided by s?
12
What is the remainder when 1/7 - 1008/(-147) is divided by 5?
2
Let k(h) = 14*h - 109. Suppose 3*g + 25 + 50 = 3*i, -3*g = -15. What is the remainder when i is divided by k(9)?
13
Let x = 10 + -1. What is the remainder when 2/(-9) + 290/x is divided by (-1)/((-1)/((-22)/(-2)))?
10
Suppose -3*p = 31 - 61. Calculate the remainder when (-26 - 1)/(-1) + 1 is divided by p.
8
Suppose -4*o - 3*s = 54, 2*o = 3*s - 0*s - 18. Let k = -7 - o. Let v = 24 - 15. What is the remainder when v is divided by k?
4
Let m(j) = j + 37. Let c(g) = g**3 - 7*g**2 + g - 7. Let l be c(7). Calculate the remainder when m(l) is divided by 13.
11
Let d = -13 - -9. What is the remainder when 41 is divided by 4/(d/(-3)) - -8?
8
Suppose -2*q = -54 - 26. Let o(c) = 2*c**2 - c - 1. Let u be 1*-2*6/(-4). What is the remainder when q is divided by o(u)?
12
Let b = -9 + 12. What is the remainder when 27 is divided by -2*(2 - b) - -8?
7
Let t(w) = w**2 + 5*w + 1. Let m be (-4)/10 - 411/(-15). Let c = m - -16. What is the remainder when c is divided by t(-7)?
13
Let n = -79 + 99. What is the remainder when 113 is divided by n?
13
Let h = -47 + 70. What is the remainder when h is divided by 12?
11
Let o(m) = -m**2 + 6*m - 6. Calculate the remainder when 8 is divided by o(3).
2
Let l(v) = 3*v**2 + 4*v - 3. Suppose u - 3 = 6. What is the remainder when l(2) is divided by u?
8
Let m(n) = -23*n + 1. Let u be m(-2). Let o = u - 20. Suppose -3*d = p - 8, -p + d + 3 = -13. What is the remainder when o is divided by p?
13
Let u be (-2*(0 + 3))/(-1). Let x(d) = -d**2 + 15*d - 9. Let c be x(6). What is the remainder when 24 is divided by 2*(-3 + c/u)?
6
Let w be (0 - (-6)/(-9))*-3. Suppose -2*j - i - 16 = 3*i, -w*j + 2*i - 40 = 0. Calculate the remainder when 47 is divided by (-1 + -2)*j/3.
15
Let a = -7 + 13. Suppose a = u - 0. Let b = 2 + u. Calculate the remainder when b is divided by 3.
2
Let x(m) = 8*m**2 + 3*m**3 - 8*m**2 + 1. Let c be x(-1). Calculate the remainder when 60/2 + c + 3 is divided by 16.
15
Suppose 173 = 5*w + 58. Calculate the remainder when 65 is divided by w.
19
Let b = -22 - -26. What is the remainder when 11 is divided by b?
3
Suppose -3*k - k + 4*a + 16 = 0, 2*k - 2 = -4*a. Suppose -k = 2*y - 37. Calculate the remainder when 33 is divided by y.
16
Let u(x) = x**3 + 8*x**2 - 13*x - 24. What is the remainder when 275 is divided by u(-9)?
11
Let i(b) = 8*b**2 + 0*b - b**3 - 6 + b + 5*b**2. Let r(p) = -4*p + 3. Calculate the remainder when r(-4) is divided by i(13).
5
Suppose -z + 6 = -2. Calculate the remainder when 22 is divided by z.
6
Let s be 1/3 - 20/6. What is the remainder when 25 is divided by (-1 + 2)/(s/(-39))?
12
Let h(n) = -6*n - 32. What is the remainder when (15/(-12))/((-2)/72) is divided by h(-8)?
13
Calculate the remainder when 11 is divided by (1 + 11/(-5))/((-12)/40).
3
Suppose -8 + 24 = o. Let h = o + -7. What is the remainder when 58 is divided by (-40)/6*h/(-3)?
18
Let l(d) = d**2 - 4*d + 4. Let x be l(4). Suppose -5*n = -x*n + 4. Let i(v) = -2*v + 4. What is the remainder when 23 is divided by i(n)?
11
Let g(b) = b**3 + 4*b**2 - 7*b - 6. Let l be g(-5). Suppose -4 = -2*n + l. What is the remainder when 14 is divided by n?
2
Let v = -21 - -13. Let u = -5 - v. Let i(k) = -k**2 - 9*k + 5. What is the remainder when i(-9) is divided by u?
2
Let m(r) = r**3 - 5*r**2 + r - 1. Let v be m(5). Suppose -t + 4*p + 50 = t, -t = -v*p - 29. Calculate the remainder when 60 is divided by t.
18
Calculate the remainder when 2/6 + (-3066)/(-63) is divided by 1 + -4*2*-3.
24
Let x(l) = -32*l - 8. Let j be x(-7). Suppose 3*s - j = -27. What is the remainder when s is divided by 16?
15
Let t(q) = 12*q - 1. Suppose 5*o - 3 - 2 = 0. Let r(j) = -j**3 - 7*j**2 - 7*j. Calculate the remainder when t(o) is divided by r(-6).
5
Let q(d) = d**3 - d**2 + d + 3. Let i be q(0). Suppose -78 = -5*a + i*a. What is the remainder when a is divided by 14?
11
Suppose z = -5*f - 2, 3*z - 6 = -2*f - f. Suppose -w = j - 6*j + 2, -5*j = -5*w + 10. Let i = z + j. What is the remainder when i is divided by 3?
1
Let f = -34 + 36. Let h(j) be the third derivative of j**6/120 + j**5/60 + j**4/24 + 2*j**3/3 + j**2. What is the remainder when h(0) is divided by f?
0
Let q = -32 + 81. Calculate the remainder when q is divided by 25.
24
Let b(f) = -2*f - 5. Let i be (-3)/(-2) - 2/4. Suppose -59 = -3*x + i. What is the remainder when x is divided by b(-6)?
6
Let i = 239 - 164. Calculate the remainder when i is divided by 26.
23
Let c(f) = 2 + 0*f**2 - 4*f**2 + 3*f**2 + f + 21. What is the remainder when c(0) is divided by 8?
7
Let u(s) = -8*s + 5. Calculate the remainder when u(-9) is divided by 13.
12
Suppose -t - 4*g + 19 = 0, t + 3*t + g = 61. Calculate the remainder when 44 is divided by t.
14
Let x be (-24)/40 + (-78)/(-5). Let m = 28 - x. Calculate the remainder when m is divided by 7.
6
Suppose 6 = -2*a, -3*a - 2 = 2*q + 3. Suppose b - 3*b + 10 = 0. What is the remainder when b is divided by q?
1
Calculate the remainder when 42/4*(-8)/(-6) is divided by 5.
4
Suppose -5*t - 174 = -8*t. Let n = 96 - t. What is the remainder when n is divided by 10?
8
Let t be (1 - 3/2)*-10. What is the remainder when (4 - t)*(-93)/3 is divided by 8?
7
Let a(l) = -3*l**3 - l**2 + 3*l - 2. Calculate the remainder when a(-3) is divided by (-618)/(-30) + 2/5.
19
What is the remainder when 22 is divided by 39/5 - 6/(-30)?
6
Suppose 2*x = 6*x - 56. Let o(v) be the first derivative of v**3/3 + 3*v**2 - 2*v + 1. Calculate the remainder when x is divided by o(-7).
4
Let t = -6 + 8. Suppose -t*p - p + 60 = 0. Calculate the remainder when p is divided by 7.
6
Let a(i) = -i**3 + 17*i**2 - 15*i + 4. Calculate the remainder when a(16) is divided by 11.
9
Let z(o) = -o**2 + o. Let u(g) = g. Let j(s) = -3*u(s) - z(s). Suppose 6*q - 75 = q + 5*l, -l - 51 = -4*q. Calculate the remainder when j(-3) is divided by q.
9
Let z = 4 - 7. Let k = 3 + z. Suppose k = 4*n - 30 - 2. Calculate the remainder when 23 is divided by n.
7
Suppose r - 8 = 13. Let k = 3 + 8. What is the